{"id":5796,"date":"2013-05-31T08:44:43","date_gmt":"2013-05-31T08:44:43","guid":{"rendered":"http:\/\/impreza.us-themes.net\/"},"modified":"2024-06-24T12:14:00","modified_gmt":"2024-06-24T12:14:00","slug":"home","status":"publish","type":"page","link":"https:\/\/www.tier-physio-tcm-stuttgart.de\/","title":{"rendered":""},"content":{"rendered":"<section class=\"l-section wpb_row height_auto width_full color_primary\"><div class=\"l-section-h i-cf\"><div class=\"g-cols vc_row via_flex valign_top type_default stacking_default\"><div class=\"vc_col-sm-12 wpb_column vc_column_container\"><div class=\"vc_column-inner\"><div class=\"wpb_wrapper\">[rev_slider_vc alias=&#8220;slider_tcm&#8220;]<\/div><\/div><\/div><\/div><\/div><\/section><section class=\"l-section wpb_row height_medium\"><div class=\"l-section-h i-cf\"><div class=\"g-cols vc_row via_flex valign_top type_default stacking_default\"><div class=\"vc_col-sm-12 wpb_column vc_column_container\"><div class=\"vc_column-inner\"><div class=\"wpb_wrapper\"><div class=\"wpb_text_column\"><div class=\"wpb_wrapper\"><h5>Ihr Tier hat Beschwerden? Rufen Sie mich an oder schreiben Sie mir eine <a href=\"mailto:ef@kontrast.eu?subject=Physiotherapie Anfrage\">mail<\/a>. Ich komme mit meiner mobilen Praxis gerne zu Ihnen (Gro\u00dfraum Stuttgart).<\/h5>\n<\/div><\/div><\/div><\/div><\/div><\/div><\/div><\/section><section class=\"l-section wpb_row height_medium color_custom\" id=\"fourth\"><div class=\"l-section-h i-cf\"><div class=\"g-cols vc_row via_flex valign_top type_default stacking_default\"><div class=\"vc_col-sm-6 wpb_column vc_column_container\"><div class=\"vc_column-inner us_custom_21895613\"><div class=\"wpb_wrapper\"><div class=\"wpb_text_column\"><div class=\"wpb_wrapper\"><h4>Einschr\u00e4nkungen des Bewegungsapparates<\/h4>\n<ul>\n<li>Dysplasien (Fehlbildungen) von H\u00fcfte (HD), Ellbogen (ED), Schulter (OCD)<\/li>\n<li>Verschlei\u00dferscheinungen der Gelenke (Arthritis, Arthrose)<\/li>\n<li>Luxationen, Subluxationen, Distorsionen (\u201eVerrenkung\u201c oder Verstauchung) der Gelenke<\/li>\n<li>Schmerzen<\/li>\n<li>andere Einschr\u00e4nkungen der Beweglichkeit<\/li>\n<\/ul>\n<\/div><\/div><div class=\"w-tabs-section no_indents has_text_color\" id=\"1539790281567-649e55d1-cf87\" style=\"color:#000000;\"><button class=\"w-tabs-section-header\" aria-controls=\"content-1539790281567-649e55d1-cf87\" aria-expanded=\"false\"><div class=\"w-tabs-section-title\">Neurologische Erkrankungen<\/div><div class=\"w-tabs-section-control\"><\/div><\/button><div  class=\"w-tabs-section-content\" id=\"content-1539790281567-649e55d1-cf87\"><div class=\"w-tabs-section-content-h i-cf\"><div class=\"wpb_text_column us_custom_15147167\"><div class=\"wpb_wrapper\"><ul>\n<li>Nervenerkrankungen (Entz\u00fcndungen, Schmerzen)<\/li>\n<li>L\u00e4hmungen<\/li>\n<li>Ataxien (Koordinationsst\u00f6rungen)<\/li>\n<li>Diskopathien (Bandscheibenvorf\u00e4lle)<\/li>\n<li>\u201eCauda Equina\u201c<\/li>\n<li>\u201eWobbler-Syndrom\u201c<\/li>\n<li>Dackell\u00e4hme<\/li>\n<li>Sensibilit\u00e4tsst\u00f6rungen<\/li>\n<li>Verz\u00f6gerte Reflexe<\/li>\n<li>vielf\u00e4ltige andere neurologische St\u00f6rungen<\/li>\n<\/ul>\n<\/div><\/div><\/div><\/div><\/div><div class=\"w-tabs-section no_indents has_text_color\" id=\"1540828343295-8123bf14-ead6\" style=\"color:#000000;\"><button class=\"w-tabs-section-header\" aria-controls=\"content-1540828343295-8123bf14-ead6\" aria-expanded=\"false\"><div class=\"w-tabs-section-title\">Muskeln, B\u00e4nder- und Sehnenapparat<\/div><div class=\"w-tabs-section-control\"><\/div><\/button><div  class=\"w-tabs-section-content\" id=\"content-1540828343295-8123bf14-ead6\"><div class=\"w-tabs-section-content-h i-cf\"><div class=\"wpb_text_column us_custom_8667c713\"><div class=\"wpb_wrapper\"><ul>\n<li>Muskelverspannungen, Fehlhaltungen<\/li>\n<li>Muskelfaserrisse<\/li>\n<li>Atrophie (Muskelschwund)<\/li>\n<li>B\u00e4nder\/Sehnenverk\u00fcrzung oder<\/li>\n<li>B\u00e4nder\/Sehnenverletzungen<\/li>\n<\/ul>\n<\/div><\/div><\/div><\/div><\/div><div class=\"w-tabs-section no_indents has_text_color\" id=\"1540828483176-96040a59-5a36\" style=\"color:#000000;\"><button class=\"w-tabs-section-header\" aria-controls=\"content-1540828483176-96040a59-5a36\" aria-expanded=\"false\"><div class=\"w-tabs-section-title\">Vor und nach Operationen<\/div><div class=\"w-tabs-section-control\"><\/div><\/button><div  class=\"w-tabs-section-content\" id=\"content-1540828483176-96040a59-5a36\"><div class=\"w-tabs-section-content-h i-cf\"><div class=\"wpb_text_column us_custom_8bcaf631\"><div class=\"wpb_wrapper\"><ul>\n<li>Kr\u00e4ftigung der Muskulatur oder des Bandapparats (z.B. bei Patellaluxation, Kreuzbandriss, Femurkopfresektion\u2026)<\/li>\n<li>Rehabilitation nach Traumata (Unf\u00e4lle, Verletzungen, St\u00fcrze\u2026)<\/li>\n<li>Vorbeugung von Folgeerscheinungen, die durch eine OP auftreten k\u00f6nnen (z.B. Muskelschwund nach Ruhigstellung)<\/li>\n<li>Ad\u00e4quate Narbenpflege<\/li>\n<li>F\u00f6rderung der Wundheilung, Lymphdrainage<\/li>\n<\/ul>\n<\/div><\/div><\/div><\/div><\/div><div class=\"w-tabs-section no_indents has_text_color\" id=\"1540828597023-bdd6d054-d117\" style=\"color:#000000;\"><button class=\"w-tabs-section-header\" aria-controls=\"content-1540828597023-bdd6d054-d117\" aria-expanded=\"false\"><div class=\"w-tabs-section-title\">Geriatrische Patienten<\/div><div class=\"w-tabs-section-control\"><\/div><\/button><div  class=\"w-tabs-section-content\" id=\"content-1540828597023-bdd6d054-d117\"><div class=\"w-tabs-section-content-h i-cf\"><div class=\"wpb_text_column us_custom_b8926bad\"><div class=\"wpb_wrapper\"><ul>\n<li>Verbesserung der Mobilit\u00e4t des Bewegungsapparates (Kr\u00e4ftigung der Muskulatur bei Muskelabbau)<\/li>\n<li>Linderung von Schmerzen (z. B. bei Verschlei\u00dferscheinungen)<\/li>\n<li>Anpassung und Erhaltung der Lebensqualit\u00e4t bei altersbedingten Einschr\u00e4nkungen des Herz- und Kreislaufsystems<\/li>\n<li>Linderung bei Atemwegsbeschwerden (z.B. COB \u2013 chronisch obstruktiver Bronchitis)<\/li>\n<\/ul>\n<\/div><\/div><\/div><\/div><\/div><div class=\"w-tabs-section no_indents has_text_color\" id=\"1540828654343-5c4ec41b-db01\" style=\"color:#000000;\"><button class=\"w-tabs-section-header\" aria-controls=\"content-1540828654343-5c4ec41b-db01\" aria-expanded=\"false\"><div class=\"w-tabs-section-title\">Sonstige Erkrankungen<\/div><div class=\"w-tabs-section-control\"><\/div><\/button><div  class=\"w-tabs-section-content\" id=\"content-1540828654343-5c4ec41b-db01\"><div class=\"w-tabs-section-content-h i-cf\"><div class=\"wpb_text_column us_custom_2c686b6e\"><div class=\"wpb_wrapper\"><ul>\n<li>\u00dcbergewicht<\/li>\n<li>Verdauungsst\u00f6rungen<\/li>\n<li>Hauterkrankungen<\/li>\n<li>Einschr\u00e4nkungen des lymphatischen Systems u.v.m.<\/li>\n<\/ul>\n<\/div><\/div><div class=\"w-separator size_medium\"><\/div><div class=\"w-separator size_medium\"><\/div><\/div><\/div><\/div><div class=\"w-separator size_medium\"><\/div><div class=\"wpb_text_column\"><div class=\"wpb_wrapper\"><p>Oft macht es Sinn, eine physiotherapeutische Behandlung mit Methoden aus der Traditionellen Chinesischen Medizin, wie z.B. Akupunktur und\/oder Phytotherapie zu unterst\u00fctzen. Dies kann die Behandlungszeit deutlich verk\u00fcrzen und vor allem bei chronischen F\u00e4llen zu dauerhaftem Erfolg f\u00fchren.<br \/>\nDie &#8222;kontrollierte Laserakupunktur&#8220; erm\u00f6glicht, passgenau individuelle Disbalancen auszugleichen und ein Gleichgewicht wieder herzustellen.<\/p>\n<\/div><\/div><\/div><\/div><\/div><div class=\"vc_col-sm-6 wpb_column vc_column_container\"><div class=\"vc_column-inner us_custom_00814ffa\"><div class=\"wpb_wrapper\"><div class=\"wpb_text_column\"><div class=\"wpb_wrapper\"><p>Die Traditionelle Chinesische Medizin (TCM) sieht im Begriff der \u201eGesundheit\u201c Harmonie und Gleichgewicht. Das Gleichgewicht von Yin und Yang erm\u00f6glicht die Entstehung von Lebensenergie. Ziel ist es, ein harmonisch flie\u00dfendes Gleichgewicht zu erm\u00f6glichen und zu erhalten \u2026 <a href=\"http:\/\/www.tier-physio-tcm-stuttgart.de\/?page_id=6381\">mehr<\/a><\/p>\n<\/div><\/div><div class=\"w-tabs style_default switch_click accordion has_scrolling\" style=\"--sections-title-size:inherit\"><div class=\"w-tabs-sections titles-align_none icon_chevron cpos_right\"><div class=\"w-tabs-section no_indents has_text_color\" id=\"1539786849328-3f35caf1-ac0b\" style=\"color:#000000;\"><button class=\"w-tabs-section-header\" aria-controls=\"content-1539786849328-3f35caf1-ac0b\" aria-expanded=\"false\"><div class=\"w-tabs-section-title\">Funktionelle und vegetative St\u00f6rungen<\/div><div class=\"w-tabs-section-control\"><\/div><\/button><div  class=\"w-tabs-section-content\" id=\"content-1539786849328-3f35caf1-ac0b\"><div class=\"w-tabs-section-content-h i-cf\"><div class=\"wpb_text_column us_custom_75b82e0a\"><div class=\"wpb_wrapper\"><ul>\n<li>Atemwegserkrankungen (akut oder chronisch)<\/li>\n<li>Verdauungsbeschwerden (z.B. Gastritis, Diarrh\u00f6e, Obstipation, Koliken, Appetitlosigkeit)<\/li>\n<li>Stoffwechselst\u00f6rungen (z.B. EMS, Rehe)<\/li>\n<li>Leistungsabfall<\/li>\n<li>Headshaker Syndrom<\/li>\n<li>Deckunlust Hengst \/ Nichtaufnehmen der Stute<\/li>\n<li>Erkrankungen im urogenitalen Bereich<\/li>\n<\/ul>\n<\/div><\/div><\/div><\/div><\/div><div class=\"w-tabs-section no_indents has_text_color\" id=\"1539786849349-85acee26-a0d0\" style=\"color:#000000;\"><button class=\"w-tabs-section-header\" aria-controls=\"content-1539786849349-85acee26-a0d0\" aria-expanded=\"false\"><div class=\"w-tabs-section-title\">St\u00f6rungen des Bewegungsapparats<\/div><div class=\"w-tabs-section-control\"><\/div><\/button><div  class=\"w-tabs-section-content\" id=\"content-1539786849349-85acee26-a0d0\"><div class=\"w-tabs-section-content-h i-cf\"><div class=\"wpb_text_column us_custom_063e2601\"><div class=\"wpb_wrapper\"><ul>\n<li>Schmerzen<\/li>\n<li>Bewegungseinschr\u00e4nkungen<\/li>\n<\/ul>\n<\/div><\/div><\/div><\/div><\/div><div class=\"w-tabs-section no_indents has_text_color\" id=\"1540829475688-1983118d-96e9\" style=\"color:#000000;\"><button class=\"w-tabs-section-header\" aria-controls=\"content-1540829475688-1983118d-96e9\" aria-expanded=\"false\"><div class=\"w-tabs-section-title\">Sonstige Indikationen<\/div><div class=\"w-tabs-section-control\"><\/div><\/button><div  class=\"w-tabs-section-content\" id=\"content-1540829475688-1983118d-96e9\"><div class=\"w-tabs-section-content-h i-cf\"><div class=\"wpb_text_column us_custom_ed910fe6\"><div class=\"wpb_wrapper\"><ul>\n<li>St\u00e4rkung der Immunabwehr<\/li>\n<li>Hauterkrankungen<\/li>\n<li>Postoperative Unterst\u00fctzung<\/li>\n<li>Schmerzlinderung bzw. \u2013ausschaltung<\/li>\n<li>Emotionale Ungleichgewichte (Aggressivit\u00e4t, \u00c4ngstlichkeit etc.) bzw. Verhaltensst\u00f6rungen<\/li>\n<\/ul>\n<\/div><\/div><div class=\"w-separator size_custom\" style=\"height:32px\"><\/div><\/div><\/div><\/div><\/div><\/div><div class=\"w-image us_custom_8f2ba1f4 us_animate_this style_shadow-1 align_none\"><div url class=\"w-image-h\"><img loading=\"lazy\" decoding=\"async\" width=\"600\" height=\"458\" src=\"https:\/\/www.tier-physio-tcm-stuttgart.de\/wp-content\/uploads\/2018\/12\/Bei_Paul-800-600x458.jpg\" class=\"attachment-us_600_0 size-us_600_0\" alt=\"\" srcset=\"https:\/\/www.tier-physio-tcm-stuttgart.de\/wp-content\/uploads\/2018\/12\/Bei_Paul-800-600x458.jpg 600w, https:\/\/www.tier-physio-tcm-stuttgart.de\/wp-content\/uploads\/2018\/12\/Bei_Paul-800-300x229.jpg 300w, https:\/\/www.tier-physio-tcm-stuttgart.de\/wp-content\/uploads\/2018\/12\/Bei_Paul-800.jpg 800w\" sizes=\"(max-width: 600px) 100vw, 600px\" \/><\/div><\/div><\/div><\/div><\/div><div class=\"vc_col-sm-12 wpb_column vc_column_container\"><div class=\"vc_column-inner\"><div class=\"wpb_wrapper\"><\/div><\/div><\/div><\/div><\/div><\/section><section class=\"l-section wpb_row height_medium\"><div class=\"l-section-h i-cf\"><div class=\"g-cols vc_row via_flex valign_top type_default stacking_default\"><div class=\"vc_col-sm-12 wpb_column vc_column_container\"><div class=\"vc_column-inner\"><div class=\"wpb_wrapper\"><div class=\"wpb_text_column\"><div class=\"wpb_wrapper\"><h5>Ausbildungen:<\/h5>\n<p>2014 &#8211; 2016 Ausbildung am ifT (Institut f\u00fcr Tierheilkunde) zur Tierphysiotherapeutin und Tierakupunkteurin f\u00fcr Gro\u00df- und Kleintiere<br \/>\n2017 \u2013 2018 Ausbildung in chinesischer Kr\u00e4uterkunde (Phytotherapie) \u2013 Dozent: Guido H\u00f6nig<\/p>\n<h5>Fortbildungen:<\/h5>\n<p>2015 \u00a0 Craniosakrale Therapie am Pferd &#8211; ifT (Institut f\u00fcr Tierheilkunde)<br \/>\n2015 \u00a0 Stoffwechselerkrankungen beim Pferd &#8211; C. Schr\u00f6der<br \/>\n2017 \u00a0 Zungendiagnostik beim Kleintier \u2013 Dr. med. vet. S. Hauswirth<br \/>\n2017 \u00a0 Die Bedeutung des Pulses in der TCM &#8211; Dr. Christina Eul-Matern<br \/>\n2018 \u00a0 Die \u201eWundermeridiane\u201c in der TCM &#8211; Guido H\u00f6nig<br \/>\n2019 \u00a0 Kontrollierte Laserakupunktur 1+2 \u2013 Tina Doxtader<\/p>\n<\/div><\/div><\/div><\/div><\/div><\/div><\/div><\/section>\n","protected":false},"excerpt":{"rendered":"[rev_slider_vc alias=\"slider_tcm\"]Ihr Tier hat Beschwerden? Rufen Sie mich an oder schreiben Sie mir eine mail. Ich komme mit meiner mobilen Praxis gerne zu Ihnen (Gro\u00dfraum Stuttgart). Einschr\u00e4nkungen des Bewegungsapparates Dysplasien (Fehlbildungen) von H\u00fcfte (HD), Ellbogen (ED), Schulter (OCD) Verschlei\u00dferscheinungen der Gelenke (Arthritis, Arthrose) Luxationen, Subluxationen, Distorsionen (\u201eVerrenkung\u201c oder Verstauchung) der Gelenke Schmerzen andere Einschr\u00e4nkungen der...","protected":false},"author":1,"featured_media":0,"parent":0,"menu_order":0,"comment_status":"closed","ping_status":"closed","template":"","meta":{"footnotes":""},"class_list":["post-5796","page","type-page","status-publish","hentry"],"_links":{"self":[{"href":"https:\/\/www.tier-physio-tcm-stuttgart.de\/index.php?rest_route=\/wp\/v2\/pages\/5796"}],"collection":[{"href":"https:\/\/www.tier-physio-tcm-stuttgart.de\/index.php?rest_route=\/wp\/v2\/pages"}],"about":[{"href":"https:\/\/www.tier-physio-tcm-stuttgart.de\/index.php?rest_route=\/wp\/v2\/types\/page"}],"author":[{"embeddable":true,"href":"https:\/\/www.tier-physio-tcm-stuttgart.de\/index.php?rest_route=\/wp\/v2\/users\/1"}],"replies":[{"embeddable":true,"href":"https:\/\/www.tier-physio-tcm-stuttgart.de\/index.php?rest_route=%2Fwp%2Fv2%2Fcomments&post=5796"}],"version-history":[{"count":127,"href":"https:\/\/www.tier-physio-tcm-stuttgart.de\/index.php?rest_route=\/wp\/v2\/pages\/5796\/revisions"}],"predecessor-version":[{"id":11220,"href":"https:\/\/www.tier-physio-tcm-stuttgart.de\/index.php?rest_route=\/wp\/v2\/pages\/5796\/revisions\/11220"}],"wp:attachment":[{"href":"https:\/\/www.tier-physio-tcm-stuttgart.de\/index.php?rest_route=%2Fwp%2Fv2%2Fmedia&parent=5796"}],"curies":[{"name":"wp","href":"https:\/\/api.w.org\/{rel}","templated":true}]}}